5981100?
False
Does 17 divide 56531870?
False
Is 641568712 a multiple of 23?
False
Does 33 divide 214497800?
False
Is 1043 a factor of 82450476?
False
Does 23 divide 1739462948?
False
Is 50 a factor of 1782398350?
True
Is 20 a factor of 14108120?
True
Does 6 divide 514828860?
True
Is 7 a factor of 1110141390?
False
Is 2409 a factor of 153239769?
False
Is 576 a factor of 515145942?
False
Is 108084544 a multiple of 808?
True
Is 708840307 a multiple of 1061?
True
Is 1112 a factor of 95429494?
False
Does 748 divide 6778376?
True
Does 53 divide 17115438?
False
Is 63 a factor of 667780879?
False
Does 13 divide 337028563?
False
Is 366 a factor of 5512722?
False
Is 5 a factor of 674623910?
True
Is 72599137 a multiple of 746?
False
Is 161 a factor of 97195217?
True
Is 387 a factor of 73276128?
True
Does 18 divide 319311774?
True
Is 34633345 a multiple of 591?
False
Does 48 divide 4357345289?
False
Does 161 divide 33799374?
True
Does 52 divide 373278003?
False
Does 5 divide 339825305?
True
Is 681047567 a multiple of 192?
False
Is 11 a factor of 6527924?
False
Is 76046098 a multiple of 3?
False
Does 32 divide 85986272?
True
Is 59 a factor of 30479591?
False
Is 9 a factor of 123674978?
False
Is 66 a factor of 28422142?
False
Is 607646160 a multiple of 763?
False
Is 379 a factor of 4745476?
False
Is 1114 a factor of 113385148?
True
Is 53 a factor of 4864130?
False
Is 62 a factor of 28088311?
False
Is 48 a factor of 3324711456?
True
Does 25 divide 22324425?
True
Does 96 divide 2597263?
False
Is 1686200 a multiple of 10?
True
Does 3639 divide 514598670?
False
Is 8 a factor of 148969454?
False
Is 115 a factor of 41857862?
False
Is 6088011213 a multiple of 23?
False
Does 2 divide 9618145?
False
Does 11 divide 78471382?
True
Is 734619336 a multiple of 2242?
False
Does 1091 divide 592959823?
False
Is 4175216 a multiple of 8?
True
Does 17 divide 62493343?
True
Does 4274 divide 1458425568?
True
Is 60881913 a multiple of 1970?
False
Is 114 a factor of 2111748198?
True
Is 104 a factor of 13931528?
True
Does 482 divide 17342834?
False
Is 9 a factor of 155892978?
True
Is 3339039992 a multiple of 554?
True
Does 40 divide 237897076?
False
Is 546 a factor of 983396925?
False
Is 22490573 a multiple of 5?
False
Is 1960993314 a multiple of 3807?
True
Is 2848 a factor of 2759376673?
False
Does 9 divide 303468771?
False
Is 275441312 a multiple of 122?
False
Is 798 a factor of 296260822?
False
Is 524159700 a multiple of 12?
True
Is 231 a factor of 3247921?
False
Is 3833 a factor of 21901762?
True
Does 18 divide 3310636626?
True
Is 619 a factor of 622194040?
True
Is 30090805 a multiple of 186?
False
Is 127 a factor of 2744402?
False
Is 3 a factor of 7529176?
False
Is 574432084 a multiple of 4467?
False
Does 54 divide 144967374?
True
Does 117 divide 49154852?
False
Is 7124 a factor of 154233416?
False
Is 436960120 a multiple of 20?
True
Does 80 divide 27822000?
True
Does 289 divide 2408831184?
True
Is 111498189 a multiple of 2421?
False
Does 11 divide 69827371?
False
Does 350 divide 587549501?
False
Is 51 a factor of 248715168?
True
Is 184594802 a multiple of 1481?
True
Is 37546465 a multiple of 1541?
True
Does 1622 divide 1503509656?
True
Is 128204874 a multiple of 411?
True
Is 9 a factor of 135700020?
True
Is 26 a factor of 73974407?
False
Is 138 a factor of 24344137?
False
Is 5 a factor of 41359837?
False
Does 9 divide 145888209?
True
Does 11 divide 6376942?
True
Is 1295510547 a multiple of 9?
False
Does 33 divide 28449135?
True
Is 32 a factor of 14510744?
False
Is 127433692 a multiple of 815?
False
Is 2070411000 a multiple of 125?
True
Is 18 a factor of 54295352?
False
Does 7784 divide 1502813597?
False
Is 7 a factor of 695222899?
True
Does 47 divide 102161307?
False
Is 82 a factor of 79229148?
False
Is 6 a factor of 36596514?
True
Is 10 a factor of 28043120?
True
Does 27 divide 216176958?
True
Does 67 divide 21620632?
True
Does 3743 divide 147909159?
False
Does 173 divide 66681509?
False
Is 562766125 a multiple of 789?
False
Does 2187 divide 186256856?
False
Is 1211544832 a multiple of 232?
True
Is 734 a factor of 285338133?
False
Does 49 divide 20609057?
True
Is 15 a factor of 36537030?
True
Does 15 divide 364380421?
False
Does 15 divide 342725069?
False
Is 439 a factor of 83935606?
False
Is 125851663 a multiple of 119?
True
Is 6505142 a multiple of 41?
True
Is 769 a factor of 10688331?
True
Is 120 a factor of 622103108?
False
Is 189 a factor of 31448466?
True
Is 891155738 a multiple of 1517?
False
Is 1181 a factor of 110938599?
False
Is 87 a factor of 149685526?
False
Is 302 a factor of 281248880?
False
Does 10 divide 185560861?
False
Does 649 divide 8370802?
True
Is 308806376 a multiple of 62?
True
Is 66090913 a multiple of 29?
True
Is 127818085 a multiple of 12?
False
Is 129307227 a multiple of 268?
False
Is 52 a factor of 76376820?
True
Does 1317 divide 2975627166?
True
Is 722 a factor of 421606124?
True
Is 14 a factor of 843253444?
False
Does 10582 divide 7432786218?
True
Does 7 divide 33841934?
True
Is 45451126 a multiple of 2879?
False
Is 3512 a factor of 58012804?
False
Does 92 divide 1099252616?
True
Is 37 a factor of 159582406?
True
Does 79 divide 188730432?
False
Does 70 divide 94835370?
True
Is 4062675 a multiple of 15?
True
Does 34 divide 11133334?
True
Is 5 a factor of 13207620?
True
Is 16 a factor of 65233360?
True
Is 3 a factor of 34622143?
False
Is 11 a factor of 45087438?
True
Is 53424568 a multiple of 709?
True
Is 667680 a multiple of 349?
False
Is 57 a factor of 321314871?
True
Does 21 divide 34834097?
False
Does 9349 divide 1092802339?
False
Is 3191995131 a multiple of 299?
True
Is 911961160 a multiple of 2942?
True
Does 323 divide 1076140041?
False
Is 262187134 a multiple of 22?
True
Is 6025 a factor of 5018035725?
True
Is 428 a factor of 165205453?
False
Is 431996904 a multiple of 296?
True
Is 46 a factor of 12562737?
False
Is 38 a factor of 20623610?
False
Does 51 divide 40472937?
True
Is 309 a factor of 33262614?
True
Does 27 divide 28197288?
True
Does 70 divide 857120810?
True
Is 401 a factor of 79473388?
True
Is 110774910 a multiple of 786?
True
Is 34 a factor of 18559342?
True
Is 2 a factor of 2210041?
False
Does 14 divide 199716152?
False
Is 14 a factor of 370321534?
False
Is 264 a factor of 3980547855?
False
Is 9 a factor of 5558823?
True
Is 987 a factor of 10588144?
False
Is 1124 a factor of 245680548?
True
Is 2119990 a multiple of 101?
True
Is 4285259704 a multiple of 19778?
True
Is 4259 a factor of 203303793?
False
Is 444 a factor of 117221364?
False
Is 190229679 a multiple of 1101?
True
Is 3168 a factor of 42831360?
True
Does 5009 divide 1239376870?
True
Is 281249550 a multiple of 10?
True
Is 122 a factor of 8073296?
False
Is 12 a factor of 468231180?
True
Is 102 a factor of 22493826?
False
Is 73 a factor of 14655699?
True
Is 126 a factor of 19123776?
True
Is 33 a factor of 49826659?
False
Is 18439917 a multiple of 17?
True
Is 20 a factor of 652661100?
True
Does 18 divide 358901546?
False
Does 44 divide 7064904?
True
Is 34 a factor of 9494662?
False
Does 7 divide 682229702?
True
Does 30 divide 397985534?
False
Is 3942896 a multiple of 25?
False
Does 21 divide 647377789?
False
Is 10 a factor of 18353348?
False
Does 534 divide 800924069?
False
Is 1312 a factor of 5199456?
True
Does 360 divide 302425412?
False
Is 15503734 a multiple of 38?
True
Is 471 a factor of 213420533?
False
Is 55 a factor of 219489325?
True
Is 172931300 a multiple of 599?
True
Does 15 divide 102617760?
True
Is 38 a factor of 560060821?
False
Is 77 a factor of 21454972?
True
Does 2932 divide 24126951?
False
Does 90 divide 12695670?
True
Is 68095429 even?
False
Is 1605 a factor of 57505545?
True
Is 90936976 a multiple of 35?
False
Does 47 divide 266968742?
True
Does 95 divide 191539345?
False
Is 4 a factor of 6314817?
False
Is 13 a factor of 445591949?
False
Is 161 a factor of 697376642?
False
Is 1367 a factor of 56362187?
False
Is 58 a factor of 17233726?
False
Is 562387180 a multiple of 2091?
False
Does 24 divide 7063884?
False
Is 2047 a factor of 217651369?
True
Is 411889952 a multiple of 1999?
True
Is 9 a factor of 29092934?
False
Is 1258 a factor of 539850572?
True
Is 1091 a factor of 64943957?
True
Does 453 divide 113256364?
False
Does 55 divide 36079175?
True
